 of 2274280?
2
What is the units digit of 435910?
0
What is the hundred thousands digit of 863341?
8
What is the hundreds digit of 234285?
2
What is the hundred thousands digit of 8029360?
0
What is the millions digit of 13680512?
3
What is the units digit of 660646?
6
What is the tens digit of 2610902?
0
What is the ten thousands digit of 976665?
7
What is the millions digit of 5302457?
5
What is the thousands digit of 383131?
3
What is the ten thousands digit of 64362?
6
What is the hundreds digit of 1183795?
7
What is the hundreds digit of 10021155?
1
What is the units digit of 1009267?
7
What is the ten thousands digit of 352506?
5
What is the thousands digit of 17853?
7
What is the hundreds digit of 1234300?
3
What is the units digit of 1375848?
8
What is the ten thousands digit of 17177933?
7
What is the hundreds digit of 717861?
8
What is the units digit of 3269807?
7
What is the thousands digit of 3304260?
4
What is the hundred thousands digit of 4183633?
1
What is the units digit of 208636?
6
What is the tens digit of 2154167?
6
What is the ten thousands digit of 156268?
5
What is the hundreds digit of 259002?
0
What is the units digit of 35673?
3
What is the hundreds digit of 36909190?
1
What is the hundreds digit of 1730083?
0
What is the ten thousands digit of 2785071?
8
What is the thousands digit of 18939692?
9
What is the millions digit of 1032779?
1
What is the thousands digit of 1079159?
9
What is the ten thousands digit of 2668672?
6
What is the tens digit of 2755326?
2
What is the ten thousands digit of 3107981?
0
What is the ten thousands digit of 363146?
6
What is the ten thousands digit of 500256?
0
What is the ten thousands digit of 325645?
2
What is the ten thousands digit of 152448?
5
What is the thousands digit of 44496?
4
What is the tens digit of 202068?
6
What is the units digit of 253134?
4
What is the ten thousands digit of 178621?
7
What is the units digit of 411325?
5
What is the tens digit of 11029133?
3
What is the hundreds digit of 221152?
1
What is the hundreds digit of 17409349?
3
What is the thousands digit of 9103594?
3
What is the ten thousands digit of 1907328?
0
What is the tens digit of 7581162?
6
What is the units digit of 9100668?
8
What is the tens digit of 774681?
8
What is the tens digit of 1761360?
6
What is the units digit of 37231380?
0
What is the thousands digit of 13385?
3
What is the hundreds digit of 12608?
6
What is the millions digit of 9541216?
9
What is the ten thousands digit of 4528613?
2
What is the thousands digit of 6982285?
2
What is the thousands digit of 550170?
0
What is the hundreds digit of 1331073?
0
What is the hundred thousands digit of 152728?
1
What is the hundred thousands digit of 3239568?
2
What is the hundreds digit of 107008?
0
What is the units digit of 682490?
0
What is the hundred thousands digit of 13084410?
0
What is the units digit of 27881049?
9
What is the units digit of 821366?
6
What is the ten thousands digit of 164387?
6
What is the hundreds digit of 2001977?
9
What is the tens digit of 581499?
9
What is the units digit of 140470?
0
What is the tens digit of 5669254?
5
What is the hundreds digit of 4789009?
0
What is the hundreds digit of 507603?
6
What is the thousands digit of 30643121?
3
What is the ten thousands digit of 212520?
1
What is the units digit of 3811955?
5
What is the units digit of 1234969?
9
What is the units digit of 12484682?
2
What is the ten thousands digit of 5006791?
0
What is the hundreds digit of 399296?
2
What is the hundred thousands digit of 140297?
1
What is the hundred thousands digit of 101538?
1
What is the ten thousands digit of 1059970?
5
What is the tens digit of 2623738?
3
What is the thousands digit of 1614747?
4
What is the hundred thousands digit of 334664?
3
What is the ten thousands digit of 9786620?
8
What is the hundred thousands digit of 24849171?
8
What is the ten thousands digit of 74033?
7
What is the hundred thousands digit of 292828?
2
What is the ten thousands digit of 606416?
0
What is the tens digit of 760691?
9
What is the ten thousands digit of 364455?
6
What is the millions digit of 6463934?
6
What is the millions digit of 17056505?
7
What is the hundreds digit of 578633?
6
What is the tens digit of 488309?
0
What is the units digit of 131902?
2
What is the thousands digit of 29927711?
7
What is the units digit of 405728?
8
What is the thousands digit of 201951?
1
What is the ten thousands digit of 128556?
2
What is the hundreds digit of 113864?
8
What is the hundred thousands digit of 111494?
1
What is the ten thousands digit of 1939924?
3
What is the thousands digit of 2596965?
6
What is the ten thousands digit of 181200?
8
What is the tens digit of 6654848?
4
What is the tens digit of 1232063?
6
What is the tens digit of 1873538?
3
What is the millions digit of 7264353?
7
What is the thousands digit of 509559?
9
What is the hundreds digit of 50050?
0
What is the ten thousands digit of 6403472?
0
What is the hundreds digit of 23958830?
8
What is the ten thousands digit of 146261?
4
What is the hundred thousands digit of 19696083?
6
What is the units digit of 4207061?
1
What is the tens digit of 877356?
5
What is the ten thousands digit of 3055066?
5
What is the ten millions digit of 16469227?
1
What is the hundreds digit of 2837783?
7
What is the thousands digit of 520544?
0
What is the hundreds digit of 7463610?
6
What is the tens digit of 210920?
2
What is the ten thousands digit of 12846624?
4
What is the hundred thousands digit of 122663?
1
What is the thousands digit of 337069?
7
What is the millions digit of 5764130?
5
What is the tens digit of 13110164?
6
What is the thousands digit of 7517528?
7
What is the tens digit of 143386?
8
What is the units digit of 236031?
1
What is the hundreds digit of 65528?
5
What is the millions digit of 1095393?
1
What is the units digit of 2882339?
9
What is the tens digit of 572745?
4
What is the tens digit of 320593?
9
What is the millions digit of 2148169?
2
What is the thousands digit of 1052355?
2
What is the tens digit of 281101?
0
What is the hundred thousands digit of 238376?
2
What is the thousands digit of 516090?
6
What is the tens digit of 448006?
0
What is the units digit of 179672?
2
What is the hundreds digit of 187578?
5
What is the tens digit of 553929?
2
What is the ten thousands digit of 1252262?
5
What is the thousands digit of 4476992?
6
What is the hundreds digit of 164361?
3
What is the thousands digit of 9845?
9
What is the hundreds digit of 171231?
2
What is the millions digit of 16341433?
6
What is the hundred thousands digit of 9305524?
3
What is the tens digit of 6482002?
0
What is the ten thousands digit of 16067381?
6
What is the tens digit of 100685?
8
What is the ten thousands digit of 4864749?
6
What is the ten thousands digit of 2278198?
7
What is the tens digit of 1953078?
7
What is the hundreds digit of 10156436?
4
What is the ten thousands digit of 1871059?
7
What is the millions digit of 2473650?
2
What is the units digit of 272911?
1
What is the hundreds digit of 10100321?
3
What is the units digit of 7832200?
0
What is the tens digit of 11439741?
4
What is the thousands digit of 96826?
6
What is the tens digit of 420816?
1
What is the tens digit of 11497?
9
What is the units digit of 648382?
2
What is the units digit of 4903511?
1
What is the ten thousands digit of 405234?
0
What is the hundred thousands digit of 8641493?
6
What is the hundreds digit of 1671297?
2
What is the hundred thousands digit of 16411974?
4
What is the ten millions digit of 12685230?
1
What is the tens digit of 623655?
5
What is the thousands digit of 11105382?
5
What is the units digit of 6056481?
1
What is the tens digit of 1520782?
8
What is the ten thousands digit of 255631?
5
What is the ten thousands digit of 174672?
7
What is the ten millions digit of 33652015?
3
What is the hundreds digit of 105008?
0
What is the ten thousands digit of 1132502?
3
What is the hundred thousands digit of 13835583?
8
What is the ten thousands digit of 5454445?
5
What is the ten thousands digit of 1985329?
8
What is the hundreds digit of 1695?
6
What is the units digit of 1642537?
7
What is the hundreds digit of 841860?
8
What is the hundreds digit o